r of 106154159 and 4047.
1349
What is the highest common factor of 50 and 16660675?
25
What is the greatest common factor of 24 and 78870648?
24
Calculate the highest common factor of 446324 and 1620.
4
What is the greatest common factor of 960 and 540105?
15
Calculate the greatest common factor of 180139 and 147649.
361
Calculate the greatest common divisor of 1006972631 and 553.
553
What is the highest common divisor of 1634 and 152171?
19
What is the highest common factor of 5144380 and 60?
20
What is the greatest common factor of 2664480 and 12880?
560
What is the greatest common divisor of 7010 and 14120?
10
What is the highest common factor of 10012486 and 1230218?
4378
Calculate the highest common divisor of 10557 and 81675.
27
What is the highest common divisor of 146960 and 575315?
835
What is the greatest common divisor of 5129274 and 19329?
51
Calculate the highest common divisor of 2740 and 53279985.
685
What is the highest common factor of 1372 and 74161402?
686
Calculate the highest common factor of 297072197 and 109.
109
What is the highest common divisor of 368699 and 84295?
733
Calculate the greatest common factor of 864 and 9640962.
18
What is the greatest common divisor of 3317 and 561643?
107
What is the highest common divisor of 45 and 590607?
9
What is the greatest common divisor of 9518318 and 320006?
7442
What is the highest common factor of 98 and 26547822?
14
Calculate the highest common factor of 25345 and 567950.
185
Calculate the greatest common divisor of 2 and 9892397.
1
What is the greatest common factor of 5736432 and 1856?
464
What is the highest common divisor of 109707921 and 473?
43
What is the highest common factor of 1793 and 31895677?
1793
Calculate the highest common factor of 103176 and 218430.
18
Calculate the highest common divisor of 159072 and 48450.
6
What is the highest common divisor of 2071 and 929803?
19
What is the greatest common divisor of 20580 and 5062484?
196
What is the highest common divisor of 376131 and 2730?
21
Calculate the highest common divisor of 13540 and 39280.
20
What is the greatest common factor of 892 and 272756?
4
What is the highest common divisor of 1812 and 54396?
12
What is the highest common factor of 592 and 39496?
8
Calculate the highest common divisor of 152287996 and 2604.
868
Calculate the highest common divisor of 55 and 698137.
11
What is the greatest common factor of 4992 and 3205607808?
4992
What is the highest common divisor of 48676 and 40162?
86
Calculate the greatest common factor of 412126 and 9825.
131
What is the highest common divisor of 324527 and 3066449?
6623
Calculate the highest common factor of 51993 and 10293183.
477
Calculate the greatest common factor of 173531750 and 4522.
4522
What is the highest common divisor of 1702268 and 2006?
118
Calculate the greatest common factor of 4053 and 13830766.
193
Calculate the highest common factor of 187 and 28550225.
187
What is the highest common factor of 240778 and 451688?
262
What is the highest common divisor of 215622 and 247082?
242
Calculate the highest common factor of 4213 and 301928.
11
Calculate the greatest common factor of 2500 and 16056250.
1250
Calculate the highest common factor of 15714 and 5375934.
1746
What is the greatest common divisor of 185964403 and 2081?
2081
Calculate the greatest common factor of 70669837 and 15358.
7679
What is the highest common divisor of 134932 and 20763302?
854
What is the greatest common factor of 7418943 and 1813?
49
What is the highest common divisor of 46568699 and 344?
43
Calculate the greatest common factor of 3508438 and 11190.
746
Calculate the highest common factor of 45395 and 16205.
35
What is the greatest common factor of 954 and 148294?
106
Calculate the highest common factor of 30236042 and 17416.
622
What is the greatest common factor of 1293332 and 208?
4
Calculate the greatest common factor of 285158707 and 19.
19
What is the greatest common factor of 280719 and 94905?
999
What is the highest common factor of 3625 and 137576?
29
What is the greatest common divisor of 11629 and 23107224?
401
What is the greatest common divisor of 102048616 and 716?
716
What is the highest common factor of 1705 and 16441315?
1705
Calculate the greatest common factor of 91860305 and 562.
281
What is the highest common factor of 224 and 3565424?
16
Calculate the highest common factor of 22 and 15549666.
22
Calculate the highest common divisor of 13199 and 51858.
67
What is the highest common factor of 6280 and 14909348?
628
What is the greatest common factor of 917664 and 346336?
2528
Calculate the greatest common factor of 58 and 37039902.
58
Calculate the greatest common divisor of 7776531 and 39627.
1071
What is the greatest common factor of 1613325 and 9431037?
9219
What is the highest common factor of 3180 and 72860?
20
What is the highest common divisor of 5203922 and 1570?
314
Calculate the highest common divisor of 194571 and 163332.
117
Calculate the highest common divisor of 3915 and 2523435.
435
Calculate the greatest common divisor of 16 and 10776288.
16
Calculate the highest common divisor of 37557825 and 619.
619
What is the highest common divisor of 29667 and 1758444?
2697
Calculate the greatest common divisor of 8626 and 17176.
38
Calculate the highest common divisor of 879760260 and 48.
12
What is the greatest common divisor of 764 and 2518?
2
What is the greatest common factor of 64703176 and 1888?
472
What is the highest common factor of 481897 and 88673?
247
Calculate the greatest common divisor of 74635 and 3540.
295
What is the greatest common divisor of 33337 and 229649?
53
Calculate the highest common divisor of 2579696 and 79856.
3472
Calculate the greatest common divisor of 34185 and 85065180.
645
Calculate the greatest common factor of 2531022 and 308802.
2886
Calculate the greatest common factor of 1410 and 2873345.
235
What is the highest common divisor of 8160 and 1245114?
102
Calculate the highest common factor of 1102647 and 1911.
1911
Calculate the greatest common factor of 28274 and 4308831.
211
What is the highest common divisor of 5713 and 168809?
29
Calculate the greatest common factor of 75350484 and 3960.
396
What is the greatest common factor of 5712 and 419167980?
1428
What is the highest common divisor of 130 and 8156?
2
What is the highest common factor of 7219280 and 2015?
155
What is the greatest common divisor of 347 and 1876229?
347
What is the highest common factor of 219340 and 24160?
20
What is the greatest common divisor of 3275917 and 8908?
2227
What is the greatest common divisor of 174559 and 14791?
7
Calculate the highest common factor of 29575 and 35630.
35
What is the greatest common divisor of 1909 and 19308592?
23
What is the greatest common divisor of 259 and 7767851?
7
Calculate the highest common factor of 46755222 and 1590.
318
What is the greatest common divisor of 834929711 and 1463?
1463
Calculate the greatest common divisor of 25696 and 363616.
352
What is the greatest common factor of 8 and 48577994?
2
What is the greatest common factor of 223109 and 29281?
47
Calculate the highest common divisor of 136 and 96587999.
17
What is the highest common factor of 11083884 and 96600?
1932
What is the greatest common divisor of 3 and 6182493?
3
What is the highest common divisor of 14860685 and 1015?
35
What is the highest common factor of 308367 and 800739?
1269
Calculate the highest common divisor of 30990 and 33.
3
What is the highest common divisor of 22229137 and 7?
7
What is the highest common divisor of 830928 and 252?
84
Calculate the greatest common divisor of 1098733 and 62.
31
What is the highest common factor of 17 and 1145191485?
17
Calculate the greatest common divisor of 529592 and 2058.
686
What is the greatest common factor of 19330102 and 44?
22
Calculate the highest common divisor of 60 and 30992835.
15
What is the highest common factor of 4235265 and 225?
45
Calculate the highest common divisor of 102 and 1734731.
17
What is the highest common factor of 184 and 341109366?
46
Calculate the highest common divisor of 17319 and 478657.
251
Calculate the highest common divisor of 4694355 and 402.
201
Calculate the greatest common divisor of 80537508 and 1692.
1692
What is the high